 and 28.
28
Calculate the highest common divisor of 54686 and 148.
74
What is the greatest common factor of 54 and 72?
18
Calculate the greatest common divisor of 52643 and 122.
61
What is the greatest common factor of 176 and 13376?
176
Calculate the highest common divisor of 3724 and 42.
14
Calculate the highest common factor of 125 and 135.
5
Calculate the greatest common divisor of 308 and 1001.
77
Calculate the greatest common divisor of 24 and 2658.
6
Calculate the greatest common divisor of 129 and 104619.
129
What is the highest common factor of 7958 and 69?
23
What is the highest common factor of 60 and 300?
60
What is the highest common factor of 261 and 10991?
29
What is the highest common factor of 273 and 39?
39
What is the highest common factor of 732 and 12?
12
What is the highest common factor of 42 and 3486?
42
Calculate the greatest common factor of 1026 and 190.
38
What is the greatest common factor of 55 and 88?
11
Calculate the greatest common factor of 1661 and 604.
151
Calculate the greatest common factor of 816 and 192.
48
What is the highest common divisor of 325 and 26?
13
What is the highest common factor of 882 and 18?
18
Calculate the highest common divisor of 4543 and 472.
59
What is the greatest common factor of 70 and 42?
14
What is the greatest common factor of 42 and 35?
7
Calculate the highest common factor of 51 and 493.
17
What is the highest common divisor of 792 and 360?
72
What is the greatest common factor of 303 and 404?
101
Calculate the greatest common divisor of 272 and 72.
8
What is the greatest common factor of 451 and 11?
11
Calculate the highest common divisor of 54 and 3645.
27
Calculate the greatest common factor of 2010 and 150.
30
What is the greatest common divisor of 1 and 2?
1
Calculate the highest common divisor of 26 and 4.
2
Calculate the greatest common divisor of 1323 and 231.
21
What is the highest common factor of 2613 and 39?
39
What is the highest common factor of 112 and 3024?
112
What is the greatest common divisor of 465 and 30?
15
Calculate the greatest common divisor of 272 and 12648.
136
What is the greatest common factor of 1434 and 18?
6
Calculate the highest common factor of 6 and 26.
2
What is the highest common factor of 807 and 6725?
269
What is the highest common divisor of 357 and 136?
17
Calculate the greatest common factor of 19 and 2736.
19
What is the greatest common divisor of 15 and 33?
3
What is the greatest common factor of 105 and 273?
21
Calculate the greatest common factor of 78 and 858.
78
What is the greatest common factor of 96 and 108?
12
Calculate the highest common factor of 119 and 51.
17
What is the highest common factor of 380 and 532?
76
Calculate the highest common factor of 710 and 71.
71
Calculate the greatest common factor of 442 and 52.
26
Calculate the highest common factor of 39 and 793.
13
Calculate the highest common divisor of 2840 and 4615.
355
Calculate the highest common factor of 9948 and 12.
12
Calculate the highest common factor of 124 and 62.
62
What is the greatest common divisor of 2175 and 225?
75
Calculate the greatest common factor of 171 and 19.
19
Calculate the highest common divisor of 264 and 858.
66
What is the highest common factor of 14 and 8?
2
Calculate the highest common factor of 28136 and 8.
8
What is the highest common divisor of 10603 and 23?
23
What is the highest common factor of 5083 and 26?
13
What is the highest common factor of 4002 and 348?
174
Calculate the greatest common divisor of 3642 and 12.
6
What is the greatest common divisor of 12 and 132?
12
What is the highest common divisor of 510 and 3230?
170
What is the highest common factor of 47882 and 178?
178
Calculate the highest common factor of 94 and 2773.
47
What is the greatest common divisor of 66 and 366?
6
What is the highest common divisor of 1106 and 14?
14
What is the highest common divisor of 57 and 228?
57
What is the highest common divisor of 535 and 5?
5
Calculate the highest common factor of 66 and 4.
2
What is the greatest common divisor of 105 and 135?
15
Calculate the greatest common divisor of 128 and 40.
8
What is the greatest common divisor of 1 and 281?
1
Calculate the greatest common factor of 175 and 735.
35
Calculate the highest common factor of 44 and 33.
11
Calculate the greatest common divisor of 201 and 6.
3
What is the highest common divisor of 135 and 335?
5
Calculate the greatest common divisor of 22520 and 80.
40
Calculate the greatest common factor of 144 and 528.
48
Calculate the highest common factor of 3478 and 94.
94
Calculate the greatest common factor of 57 and 2527.
19
Calculate the greatest common divisor of 52 and 13988.
52
Calculate the highest common factor of 2058 and 42.
42
What is the greatest common divisor of 46 and 782?
46
Calculate the highest common factor of 78 and 120.
6
What is the greatest common factor of 10187 and 835?
167
What is the highest common factor of 46 and 184?
46
What is the greatest common divisor of 305 and 45?
5
What is the highest common factor of 20 and 335?
5
Calculate the greatest common factor of 10478 and 124.
62
What is the greatest common divisor of 186 and 20274?
186
Calculate the highest common divisor of 2205 and 343.
49
Calculate the greatest common divisor of 3550 and 1278.
142
Calculate the highest common factor of 6216 and 333.
111
Calculate the greatest common factor of 24 and 768.
24
What is the greatest common factor of 144 and 8?
8
What is the greatest common divisor of 111 and 148?
37
What is the highest common factor of 18 and 882?
18
Calculate the greatest common factor of 72 and 1272.
24
What is the greatest common factor of 97552 and 16?
16
Calculate the greatest common divisor of 125 and 1700.
25
What is the greatest common factor of 969 and 76?
19
What is the highest common factor of 12 and 192?
12
Calculate the greatest common divisor of 8 and 25448.
8
What is the greatest common divisor of 124 and 589?
31
Calculate the highest common divisor of 40 and 280.
40
Calculate the highest common divisor of 648 and 52.
4
Calculate the highest common factor of 28 and 2632.
28
Calculate the highest common divisor of 660 and 792.
132
What is the greatest common factor of 12 and 102?
6
What is the highest common factor of 4 and 22?
2
Calculate the highest common divisor of 2165 and 15.
5
What is the greatest common divisor of 4048 and 264?
88
What is the greatest common factor of 9 and 243?
9
Calculate the greatest common divisor of 518 and 56.
14
What is the greatest common divisor of 2 and 562?
2
Calculate the highest common divisor of 2349 and 648.
81
What is the greatest common factor of 164 and 1517?
41
What is the greatest common factor of 12740 and 686?
98
Calculate the highest common divisor of 3890 and 45.
5
Calculate the greatest common factor of 12 and 213.
3
What is the greatest common divisor of 3080 and 275?
55
What is the highest common divisor of 1276 and 44?
44
What is the highest common divisor of 27 and 1215?
27
What is the greatest common divisor of 232 and 5800?
232
Calculate the highest common factor of 14 and 665.
7
Calculate the highest common divisor of 3440 and 256.
16
What is the highest common factor of 55 and 415?
5
What is the highest common divisor of 250 and 90?
10
What is the greatest common factor of 48 and 588?
12
What is the greatest common factor of 442 and 34?
34
What is the greatest common factor of 7254 and 936?
234
What is the greatest common divisor of 10 and 80?
10
What is the highest common factor of 174 and 754?
58
Calculate the highest common divisor of 35 and 826.
7
What is the greatest common divisor of 10023 and 195?
39
Calculate the highest common factor of 448 and 22288.
112
Calculate the highest common divisor of 10348 and 52.
52
What is the highest common factor of 3224 and 13?
13
Calculate the highest common factor of 154 and 286.
22
Calculate the highest common factor of 203 and 28.
7
Calculate the greatest common divisor of 7 and 49.
7
Calculate the greatest common factor of 171 and 216.
9
Calculate the highest common divisor of 693 and 126.
63
Calculate the greatest common divisor of 23 and 483.
23
Calculate the greatest common divisor of 539 and 22.
11
What is the highest common divisor of 9483 and 1